ded by 12.
8
Calculate the remainder when 1586595 is divided by 385.
10
Calculate the remainder when 496351 is divided by 425.
376
What is the remainder when 4443948 is divided by 87136?
12
Calculate the remainder when 419901 is divided by 29954.
545
What is the remainder when 353894 is divided by 29491?
2
Calculate the remainder when 249032 is divided by 82985.
77
Calculate the remainder when 2094161 is divided by 77561.
14
What is the remainder when 34239 is divided by 928?
831
What is the remainder when 680660 is divided by 516?
56
Calculate the remainder when 950705 is divided by 950700.
5
What is the remainder when 54594 is divided by 8516?
3498
What is the remainder when 17710127 is divided by 376811?
10
Calculate the remainder when 118972383 is divided by 362.
359
What is the remainder when 54900947 is divided by 749?
745
Calculate the remainder when 248114 is divided by 743.
695
Calculate the remainder when 92995569 is divided by 74.
65
What is the remainder when 45600 is divided by 5655?
360
What is the remainder when 10673782 is divided by 3557791?
409
Calculate the remainder when 108221 is divided by 3861.
113
Calculate the remainder when 35222512 is divided by 24125.
12
What is the remainder when 318793 is divided by 2578?
1699
What is the remainder when 2372298 is divided by 839?
445
What is the remainder when 3007180 is divided by 2036?
8
What is the remainder when 167028 is divided by 16687?
158
Calculate the remainder when 13687578 is divided by 31.
24
Calculate the remainder when 19423234 is divided by 393.
388
Calculate the remainder when 1944985 is divided by 597.
556
Calculate the remainder when 783771 is divided by 1240.
91
What is the remainder when 18185539 is divided by 485?
464
Calculate the remainder when 146019 is divided by 54.
3
What is the remainder when 132812 is divided by 26554?
42
What is the remainder when 17730088 is divided by 3851?
84
What is the remainder when 362823 is divided by 268?
219
Calculate the remainder when 7561998 is divided by 1260326.
42
Calculate the remainder when 2708537 is divided by 3.
2
What is the remainder when 330579 is divided by 2543?
2532
Calculate the remainder when 48025533 is divided by 1067234.
3
What is the remainder when 733193 is divided by 8830?
303
What is the remainder when 37671716 is divided by 37671648?
68
Calculate the remainder when 499678 is divided by 4235.
4183
Calculate the remainder when 7187426 is divided by 55.
26
Calculate the remainder when 660603 is divided by 19429.
17
Calculate the remainder when 102559305 is divided by 42.
9
What is the remainder when 94786859 is divided by 60?
59
What is the remainder when 147800469 is divided by 438?
435
Calculate the remainder when 189225242 is divided by 26.
24
Calculate the remainder when 10535 is divided by 10121.
414
What is the remainder when 256081603 is divided by 103?
16
What is the remainder when 57833336 is divided by 1019?
1010
Calculate the remainder when 185807 is divided by 1201.
853
What is the remainder when 2569466 is divided by 564?
446
What is the remainder when 6096827 is divided by 1984?
1979
Calculate the remainder when 583273 is divided by 11212.
249
What is the remainder when 1208206 is divided by 1125?
1081
What is the remainder when 63587436 is divided by 163?
158
Calculate the remainder when 706974 is divided by 37190.
364
Calculate the remainder when 95766 is divided by 31427.
1485
Calculate the remainder when 2590 is divided by 2584.
6
What is the remainder when 369280 is divided by 105?
100
What is the remainder when 804629 is divided by 87?
53
What is the remainder when 1040880 is divided by 55?
5
What is the remainder when 4230374 is divided by 1112?
326
What is the remainder when 344690 is divided by 76?
30
What is the remainder when 4922943 is divided by 97?
96
What is the remainder when 9692359 is divided by 170037?
250
What is the remainder when 11744709 is divided by 106770?
9
Calculate the remainder when 12566013 is divided by 5454.
5451
Calculate the remainder when 3108648 is divided by 2701.
2498
Calculate the remainder when 108136 is divided by 53853.
430
Calculate the remainder when 4644 is divided by 3927.
717
Calculate the remainder when 27295864 is divided by 65.
24
Calculate the remainder when 66167 is divided by 1400.
367
What is the remainder when 309729 is divided by 580?
9
What is the remainder when 218094 is divided by 109041?
12
Calculate the remainder when 9587862 is divided by 105.
102
Calculate the remainder when 452943 is divided by 11917.
97
Calculate the remainder when 2465200 is divided by 309.
307
What is the remainder when 636238 is divided by 102?
64
What is the remainder when 11290184 is divided by 27?
26
Calculate the remainder when 34514 is divided by 5748.
26
What is the remainder when 1730606 is divided by 922?
12
What is the remainder when 45858847 is divided by 1616?
1615
Calculate the remainder when 1308764 is divided by 654382.
0
What is the remainder when 219577 is divided by 87?
76
What is the remainder when 5393356 is divided by 620?
596
Calculate the remainder when 6225 is divided by 2850.
525
What is the remainder when 1682111 is divided by 1869?
11
What is the remainder when 85121532 is divided by 61?
58
What is the remainder when 311915 is divided by 233?
161
What is the remainder when 2011861 is divided by 121?
115
What is the remainder when 162438 is divided by 3598?
528
What is the remainder when 189161 is divided by 189122?
39
What is the remainder when 90766 is divided by 547?
511
What is the remainder when 45146420 is divided by 9686?
9660
Calculate the remainder when 1544590 is divided by 308918.
0
What is the remainder when 87850850 is divided by 839?
838
What is the remainder when 73527475 is divided by 436?
435
Calculate the remainder when 1180745 is divided by 13119.
35
Calculate the remainder when 17318748 is divided by 88.
84
Calculate the remainder when 66643999 is divided by 154986.
19
Calculate the remainder when 18263866 is divided by 178.
176
What is the remainder when 528303 is divided by 244?
43
Calculate the remainder when 4829 is divided by 726.
473
What is the remainder when 855335 is divided by 113?
38
What is the remainder when 3606545 is divided by 6144?
17
Calculate the remainder when 79977 is divided by 2842.
401
Calculate the remainder when 35402 is divided by 3030.
2072
Calculate the remainder when 356663 is divided by 301.
279
What is the remainder when 9668842 is divided by 30501?
25
Calculate the remainder when 881633 is divided by 1036.
1033
What is the remainder when 67320512 is divided by 79?
30
Calculate the remainder when 93954918 is divided by 20.
18
What is the remainder when 13202182 is divided by 1761?
1726
What is the remainder when 6185791 is divided by 333?
316
Calculate the remainder when 411815 is divided by 1332.
227
What is the remainder when 1576110 is divided by 600?
510
Calculate the remainder when 1274488 is divided by 128.
120
What is the remainder when 21476158 is divided by 320?
318
Calculate the remainder when 460228 is divided by 14846.
2
What is the remainder when 15609299 is divided by 975579?
35
What is the remainder when 4016733 is divided by 54?
51
Calculate the remainder when 13900018 is divided by 136.
2
Calculate the remainder when 67773285 is divided by 241.
229
Calculate the remainder when 875120 is divided by 1022.
288
Calculate the remainder when 795984 is divided by 397974.
36
Calculate the remainder when 410573 is divided by 58590.
443
What is the remainder when 861427 is divided by 143281?
1741
Calculate the remainder when 315860323 is divided by 1261.
1260
Calculate the remainder when 15420072 is divided by 27.
21
Calculate the remainder when 44010949 is divided by 3.
1
What is the remainder when 107366 is divided by 74?
66
Calculate the remainder when 772724 is divided by 616.
260
Calculate the remainder when 16629029 is divided by 519657.
5
What is the remainder when 19837094 is divided by 118?
114
What is the remainder when 3069689 is divided by 38371?
9
What is the remainder when 1101950 is divided by 28998?
26
Calculate the remainder when 2595686 is divided by 879.
878
What is the remainder when 1959725 is divided by 178155?
20
Calculate the remainder when 